tors of 916733659?
10369, 88411
What are the prime factors of 64653746?
2, 53, 359, 1699
List the prime factors of 2181994291.
23, 94869317
List the prime factors of 31203078.
2, 3, 1327, 3919
What are the prime factors of 53505496?
2, 11, 73, 8329
What are the prime factors of 42586627?
109, 390703
List the prime factors of 1764819631.
43, 79, 519523
List the prime factors of 13110732.
2, 3, 364187
List the prime factors of 380605470.
2, 3, 5, 7, 43, 113, 373
What are the prime factors of 100144444?
2, 3299, 7589
What are the prime factors of 3147663131?
389, 8091679
List the prime factors of 746058601.
67, 11135203
What are the prime factors of 170738678?
2, 11, 41, 73, 2593
List the prime factors of 3859486961.
11, 67, 5236753
What are the prime factors of 93615340?
2, 5, 7, 13, 51437
List the prime factors of 495562344.
2, 3, 2417, 8543
What are the prime factors of 59625497?
991, 60167
What are the prime factors of 5177817?
3, 37, 71, 73
What are the prime factors of 771716193?
3, 1723, 149297
List the prime factors of 185459672.
2, 23, 1007933
What are the prime factors of 1377833953?
3049, 451897
List the prime factors of 12933859.
1493, 8663
What are the prime factors of 498618253?
7, 37, 47, 40961
List the prime factors of 70195682.
2, 1879, 18679
What are the prime factors of 84202920?
2, 3, 5, 67, 3491
List the prime factors of 11013959.
11, 31, 32299
What are the prime factors of 8948799?
3, 110479
List the prime factors of 84665802.
2, 3, 13, 1085459
List the prime factors of 13987159.
3719, 3761
List the prime factors of 69487921.
19, 3657259
What are the prime factors of 369039925?
5, 14761597
List the prime factors of 4036461790.
2, 5, 227, 1778177
List the prime factors of 2797254409.
17, 9679081
List the prime factors of 1234127409.
3, 411375803
List the prime factors of 553819806.
2, 3, 23, 1337729
List the prime factors of 6970225224.
2, 3, 97, 2994083
List the prime factors of 262943826.
2, 3, 137, 319883
What are the prime factors of 267454380?
2, 3, 5, 127, 35099
What are the prime factors of 153577814?
2, 13, 5906839
List the prime factors of 444059062.
2, 4973, 44647
What are the prime factors of 110490624?
2, 3, 19, 631
List the prime factors of 6878333649.
3, 11, 208434353
What are the prime factors of 16290185?
5, 3258037
List the prime factors of 22942138.
2, 613, 18713
List the prime factors of 1500623764.
2, 375155941
What are the prime factors of 56460483?
3, 37, 18839
List the prime factors of 165603722.
2, 82801861
List the prime factors of 4819802.
2, 13, 197, 941
List the prime factors of 1541210.
2, 5, 11, 14011
What are the prime factors of 144459178?
2, 72229589
List the prime factors of 2680381382.
2, 7, 173, 6397
List the prime factors of 3144816.
2, 3, 21839
What are the prime factors of 1201830729?
3, 11, 5443, 6691
List the prime factors of 42936298.
2, 29, 131, 5651
List the prime factors of 21212898.
2, 3, 7, 157, 3217
List the prime factors of 2639145017.
53, 4993, 9973
What are the prime factors of 37491382?
2, 103, 181997
List the prime factors of 70964564.
2, 11, 151, 971
List the prime factors of 468878166.
2, 3, 89, 97561
What are the prime factors of 378920679?
3, 126306893
What are the prime factors of 186208591?
83, 2243477
What are the prime factors of 321792341?
13, 19, 1302803
What are the prime factors of 3804255329?
7, 543465047
List the prime factors of 1224151423.
11, 109, 1020977
What are the prime factors of 218104141?
1151, 189491
List the prime factors of 47019442.
2, 23509721
What are the prime factors of 5273157496?
2, 659144687
List the prime factors of 1728126837.
3, 31, 331, 18713
What are the prime factors of 521616832?
2, 11, 43, 17231
List the prime factors of 1189910704.
2, 23, 3233453
What are the prime factors of 95055999?
3, 41, 83, 9311
What are the prime factors of 896238920?
2, 5, 22405973
What are the prime factors of 34354372?
2, 13, 660661
List the prime factors of 377538086.
2, 41, 4604123
List the prime factors of 100921760.
2, 5, 619, 1019
List the prime factors of 1141427326.
2, 13, 563, 77977
List the prime factors of 74922533.
7, 829, 12911
List the prime factors of 19323532.
2, 19, 254257
What are the prime factors of 411453148?
2, 1873, 54919
What are the prime factors of 58803773?
7, 1200077
List the prime factors of 142926620.
2, 5, 137, 52163
List the prime factors of 4164817299.
3, 23, 127, 475273
What are the prime factors of 3289068?
2, 3, 211, 433
What are the prime factors of 491000845?
5, 98200169
What are the prime factors of 279540204?
2, 3, 23295017
What are the prime factors of 287796457?
13, 22138189
List the prime factors of 292220573.
47, 101, 61559
List the prime factors of 324912039.
3, 108304013
List the prime factors of 1152050887.
13, 23, 47, 73, 1123
What are the prime factors of 4809305128?
2, 191, 3147451
What are the prime factors of 50688848?
2, 7, 452579
List the prime factors of 61515477.
3, 107, 199
What are the prime factors of 27203090?
2, 5, 41, 43, 1543
List the prime factors of 237946447.
2371, 100357
List the prime factors of 62171934.
2, 3, 11, 941999
What are the prime factors of 75204984?
2, 3, 3133541
What are the prime factors of 120424901?
10313, 11677
What are the prime factors of 811884396?
2, 3, 587, 115259
What are the prime factors of 2782242930?
2, 3, 5, 92741431
List the prime factors of 44001672.
2, 3, 11, 13, 12821
List the prime factors of 86718604.
2, 7, 359, 8627
What are the prime factors of 618159264?
2, 3, 6439159
List the prime factors of 1145049489.
3, 6971, 18251
List the prime factors of 14238948.
2, 3, 1051, 1129
List the prime factors of 4410568127.
7, 630081161
What are the prime factors of 28557512?
2, 1279, 2791
What are the prime factors of 7288768342?
2, 3644384171
What are the prime factors of 58448947?
58448947
What are the prime factors of 142157261?
79, 233, 7723
What are the prime factors of 114694218?
2, 3, 67, 10567
What are the prime factors of 4471343?
809, 5527
List the prime factors of 354330369.
3, 1669, 2621
What are the prime factors of 895528499?
17, 67, 786241
What are the prime factors of 120706382?
2, 109, 553699
What are the prime factors of 557351426?
2, 17, 67, 244667
List the prime factors of 2859112361.
7, 31, 13175633
List the prime factors of 1141986219.
3, 11, 34605643
List the prime factors of 3652396179.
3, 47, 509, 50891
What are the prime factors of 418088266?
2, 61, 337, 10169
What are the prime factors of 38721165?
3, 5, 7, 368773
List the prime factors of 83986049.
7, 151, 11351
List the prime factors of 665378433.
3, 1997, 37021
What are the prime factors of 20930080?
2, 5, 257, 509
What are the prime factors of 427206766?
2, 7, 4091, 7459
What are the prime factors of 18446359?
19, 970861
What are the prime factors of 613787347?
349, 769, 2287
List the prime factors of 28429375.
5, 13, 3499
What are the prime factors of 12479301?
3, 109, 12721
What are the prime factors of 661719169?
17, 977, 39841
What are the prime factors of 583792950?
2, 3, 5, 13, 83, 3607
What are the prime factors of 37972505?
5, 7594501
What are the prime factors of 517468581?
3, 7, 317, 2879
List the prime factors of 2055104650.
2, 5, 41102093
What are the prime factors of 264607276?
2, 37, 41, 43607
List the prime factors of 3004828.
2, 751207
List the prime factors of 173912344.
2, 21739043
List the prime factors of 4531143.
3, 67, 22543
What are the prime factors of 215191510?
2, 5, 21519151
What are the prime factors of 27577965?
3, 5, 1838531
What are the prime factors of 22196719?
22196719
List the prime factors of 275156908.
2, 13, 5291479
What are the prime factors of 120277046?
2, 59, 1019297
What are the prime factors of 50184542?
2, 313, 80167
List the prime factors of 216668529.
3, 7, 11, 43, 661
List the prime factors of 789211214.
2, 11, 41, 874957
What are the prime factors of 4415269761?
3, 7, 19, 3688613
What are the prime factors of 190373943?
3, 43, 59, 25013
List the prime factors of 334202135.
5, 653, 102359
List the prime factors of 1459909331.
103, 983, 14419
List the prime factors of 526623.
3, 19, 9239
What are the prime factors of 755651369?
11, 53, 1296143
List the prime factors of 19127700.
2, 3, 5, 53, 401
List the prime factors of 61756021.
109